{"id":19,"date":"2016-10-10T16:58:54","date_gmt":"2016-10-10T14:58:54","guid":{"rendered":"http:\/\/paarberatung-wolf.de\/wordpress-4\/?page_id=19"},"modified":"2017-03-28T11:01:20","modified_gmt":"2017-03-28T09:01:20","slug":"sexualitaet","status":"publish","type":"page","link":"http:\/\/www.paarberatung-wolf.de\/index.php\/sexualitaet\/","title":{"rendered":"Sexualberatung"},"content":{"rendered":"<blockquote><p><strong><span style=\"color: #3f84a4;\">Sex is an emotion in motion.<\/span><\/strong><br \/>\n<span style=\"color: #3f84a4;\"> <em>Mae West<\/em><\/span><\/p><\/blockquote>\n<p>In der Liebesbeziehung bildet die Sexualit\u00e4t jenen intimen Raum, in welchem sich zwei Menschen in ihrer K\u00f6rperlichkeit unmittelbar begegnen. Sexualit\u00e4t ist sinnliche Kommunikation. Am Anfang einer Beziehung haben die Partner meistens viel Lust aufeinander, nicht selten\u00a0ver\u00e4ndert sich die Sexualit\u00e4t jedoch im Laufe der Beziehung, dann hat einer manchmal mehr Lust als der andere. Unterschiedliche Erwartungen, nicht ausgesprochene\u00a0sexuelle W\u00fcnsche, nachlassendes\u00a0Begehren eines Partners oder Eifersucht k\u00f6nnen zu ernsthaften Beziehungsproblemen anwachsen. Manchmal gibt es auch von Beginn an Unstimmigkeiten, die im ersten Liebesfeuer gewisserma\u00dfen &#8222;verschleppt&#8220; werden. Es ist wichtig, dass die Partner der gemeinsamen Sexualit\u00e4t Entwicklungsm\u00f6glichkeiten geben. In einer langfristigen Beziehung ver\u00e4ndern wir uns, wir werden erfahrener, reifer, \u00e4lter &#8230; von der Sexualit\u00e4t erwarten wir oft, dass sie gleich bleibt. Aber auch Sexualit\u00e4t ver\u00e4ndert sich,\u00a0und sie kann auch in einer langj\u00e4hrigen Beziehung an Tiefe und Reife gewinnen.<\/p>\n<h5>\u00dcber Sexualit\u00e4t reden!<\/h5>\n<p>H\u00e4ufig f\u00e4llt es uns allerdings schwer, \u00fcber unsere Sexualit\u00e4t \u00a0offen\u00a0miteinander zu reden, dem anderen unsere W\u00fcnsche, Sehns\u00fcchte, Tr\u00e4ume und \u00c4ngste mitzuteilen. Eine Paartherapie\u00a0hilft Ihnen, sprachf\u00e4hig in Bezug auf die Sexualit\u00e4t zu werden. Im Rahmen der Sexualberatung\u00a0\u00a0gibt es keine Tabus. Hier darf alles angesprochen werden &#8211; Sie selbst bestimmen, wie weit sie in der Sexualberatung gehen wollen. Neugierde hat \u00a0hier\u00a0 ebenso ihren Platz wie Vorsicht. Ein seri\u00f6ser und gleichzeitig offener Umgang mit dem Thema gibt Ihnen die n\u00f6tige Sicherheit, um auch vermeintlich heikle Aspekte anzusprechen.<\/p>\n<h5>Sexualit\u00e4t im Zeitalter neuer Medien<\/h5>\n<p>Durch neue Medien\u00a0haben sich\u00a0auch unsere Vorstellungen von Sexualit\u00e4t ver\u00e4ndert. \u00a0Vor allem das Internet suggeriert uns teilweise, dass Sexualit\u00e4t das ultimative Erlebnis sei, dass M\u00e4nner immer potent und Frauen immer bereit seien. In einer lebendigen Paarbeziehung ist Sexualit\u00e4t hingegen\u00a0etwas sehr individuelles, das immer wieder neu und anders von den Partnern entdeckt und entwickelt\u00a0werden kann. Unterschiedliche sexuelle W\u00fcnsche der Partner\u00a0sind dabei ganz normal. Gerade junge Leute werden heute durch das Internet &#8222;aufgekl\u00e4rt&#8220;. Dann f\u00e4llt es schwer zwischen dem, was im Internet an Sexualit\u00e4t dargeboten wird und dem was man selbst und der Partner will zu unterscheiden. Wie findet man eigentlich zu seiner pers\u00f6nlichen Sexualit\u00e4t? Eine Sexualberatung bietet Orientierung!<\/p>\n<p>&nbsp;<\/p>\n<p>&nbsp;<\/p>\n","protected":false},"excerpt":{"rendered":"<p>Sex is an emotion in motion. Mae West In der Liebesbeziehung bildet die Sexualit\u00e4t jenen intimen Raum, in welchem sich zwei Menschen in ihrer K\u00f6rperlichkeit unmittelbar begegnen. Sexualit\u00e4t ist sinnliche Kommunikation. Am Anfang einer Beziehung haben die Partner meistens viel Lust aufeinander, nicht selten\u00a0ver\u00e4ndert sich die Sexualit\u00e4t jedoch im Laufe der Beziehung, dann hat einer <a class=\"read-more\" href=\"http:\/\/www.paarberatung-wolf.de\/index.php\/sexualitaet\/\">READ MORE<\/a><\/p>\n","protected":false},"author":1,"featured_media":0,"parent":0,"menu_order":0,"comment_status":"closed","ping_status":"closed","template":"","meta":[],"_links":{"self":[{"href":"http:\/\/www.paarberatung-wolf.de\/index.php\/wp-json\/wp\/v2\/pages\/19"}],"collection":[{"href":"http:\/\/www.paarberatung-wolf.de\/index.php\/wp-json\/wp\/v2\/pages"}],"about":[{"href":"http:\/\/www.paarberatung-wolf.de\/index.php\/wp-json\/wp\/v2\/types\/page"}],"author":[{"embeddable":true,"href":"http:\/\/www.paarberatung-wolf.de\/index.php\/wp-json\/wp\/v2\/users\/1"}],"replies":[{"embeddable":true,"href":"http:\/\/www.paarberatung-wolf.de\/index.php\/wp-json\/wp\/v2\/comments?post=19"}],"version-history":[{"count":7,"href":"http:\/\/www.paarberatung-wolf.de\/index.php\/wp-json\/wp\/v2\/pages\/19\/revisions"}],"predecessor-version":[{"id":361,"href":"http:\/\/www.paarberatung-wolf.de\/index.php\/wp-json\/wp\/v2\/pages\/19\/revisions\/361"}],"wp:attachment":[{"href":"http:\/\/www.paarberatung-wolf.de\/index.php\/wp-json\/wp\/v2\/media?parent=19"}],"curies":[{"name":"wp","href":"https:\/\/api.w.org\/{rel}","templated":true}]}}