{"id":2,"date":"2016-10-10T13:14:18","date_gmt":"2016-10-10T11:14:18","guid":{"rendered":"http:\/\/paarberatung-wolf.de\/wordpress-4\/?page_id=2"},"modified":"2026-02-13T21:39:28","modified_gmt":"2026-02-13T20:39:28","slug":"start","status":"publish","type":"page","link":"http:\/\/www.paarberatung-wolf.de\/","title":{"rendered":"Start"},"content":{"rendered":"<div id=\"cc-m-7571039476\" class=\"j-module n j-text \">\n<div class=\"wrc-column-grid wrc-column-grid-3\">\n<div  class=\"wrc-column wrc-column-width-1 wrc-column-start\" >\n<p><img loading=\"lazy\" class=\"alignnone wp-image-275 size-medium\" src=\"http:\/\/www.paarberatung-wolf.de\/wp-content\/uploads\/2016\/12\/gertrud-wolf-paarberatung-bonn-200x300.jpg\" alt=\"Paartherapie in Bonn - Dr. Ada Gertrud Wolf\" width=\"200\" height=\"300\" srcset=\"http:\/\/www.paarberatung-wolf.de\/wp-content\/uploads\/2016\/12\/gertrud-wolf-paarberatung-bonn-200x300.jpg 200w, http:\/\/www.paarberatung-wolf.de\/wp-content\/uploads\/2016\/12\/gertrud-wolf-paarberatung-bonn.jpg 667w\" sizes=\"(max-width: 200px) 100vw, 200px\" \/><\/p>\n<\/div>\n<div  class=\"wrc-column wrc-column-width-2 wrc-column-end\" ><\/div>\n<\/div>\n<p><!-- .wrc-column-grid --><\/p>\n<div id=\"cc-m-7571039476\" class=\"j-module n j-text \">\n<h2>Sch\u00f6n, dass Sie da sind!<\/h2>\n<p>Sie sehnen sich nach einer gl\u00fccklichen Beziehung, aber in Ihrer Partnerschaft scheint gerade alles dr\u00fcber und drunter zu gehen? \u00a0Sie w\u00fcnschen sich Frieden, befinden sich jedoch scheinbar gerade im Kriegszustand? Sie f\u00fchlen sich hoffnungslos, ohnm\u00e4chtig, sprachlos oder Sie sind w\u00fctend und \u00a0aufgew\u00fchlt? Dann sind Sie hier richtig! Auch wenn es sich f\u00fcr Sie im Moment anders anf\u00fchlt, aber wir wachsen und entwickeln uns gerade in solchen Krisensituationen weiter. Der amerikanische Paartherapeut David Schnarch hat Ehen deshalb als Menschen-Entwicklungsmaschinen bezeichnet.\u00a0Kaum jemand hat aber gelernt, wie man eine gute Beziehung f\u00fchrt. Eine\u00a0Paartherapie\u00a0ist also eine Art Weiterbildung in Sachen Liebe. \u00a0Selbst\u00a0wenn tiefe Verletzungen entstanden sind, Sprach- und Hilflosigkeit sich breit gemacht haben, kann eine Paartherapie neue Perspektiven er\u00f6ffnen.<\/p>\n<h5 class=\"j-module n j-text \">Kann eine Paartherapie helfen?<\/h5>\n<div class=\"j-module n j-text \">Ja! Menschen funktionieren nicht auf Knopfdruck, aber wir sind entwicklungsf\u00e4hig. Viele Probleme lassen sich l\u00f6sen, wenn\u00a0wir sie verstehen. Auch f\u00fcr das F\u00fchren einer Beziehung braucht man bestimmte Kompetenzen, die man erlernen kann. In einer Paartherapie k\u00f6nnen Sie neue Erfahrungen miteinander machen, die Ihren Umgang miteinander ver\u00e4ndern. \u00a0Durch neue Erfahrungen entwickeln wir uns weiter. Durch neue Erfahrungen ver\u00e4ndern wir uns und unsere Beziehung.<\/div>\n<div class=\"j-module n j-text \">\n<div class=\"j-module n j-text \">Ich helfe Ihnen dabei, Krisen zu meistern, an Problemen gemeinsam zu wachsen und wieder eine gute\u00a0Beziehung zu f\u00fchren. In meiner Praxis biete ich Ihnen professionelle und vertrauliche Hilfe an, damit Ihre Partnerschaft bald wieder von gegenseitigem Vertrauen und Respekt getragen wird. Gerne berate ich Sie auch einzeln, wenn Sie Fragen zu Ihrer Beziehung haben, wenn <a href=\"http:\/\/www.paarberatung-wolf.de\/index.php\/trennung-und-trauer\/\">Trennung<\/a>\u00a0oder\u00a0<a href=\"http:\/\/www.paarberatung-wolf.de\/index.php\/trennung-und-trauer\/\">Trauer<\/a>\u00a0gerade\u00a0Ihr\u00a0Thema ist oder wenn Sie zur Zeit Single sind und sich eine neue Partnerschaft\u00a0w\u00fcnschen.<\/div>\n<div><\/div>\n<\/div>\n<\/div>\n<div id=\"cc-m-7571039476\" class=\"j-module n j-text \">\n<h5><\/h5>\n<hr \/>\n<div><\/div>\n<div id=\"cc-m-7571043776\" class=\"j-module n j-text \">\n<h5><\/h5>\n<h5><a href=\"http:\/\/www.paarberatung-wolf.de\/index.php\/ueber-mich\/\"><span style=\"color: #006489;\"><strong>Dr. Ada Wolf<\/strong><\/span><\/a><\/h5>\n<p>Systemische Paar- und Sexualtherapie<br \/>\nErwachsenenp\u00e4dagogik<br \/>\nTraumap\u00e4dagogik<br \/>\nMitglied DGPPN &#8211; Deutsche Gesellschaft f\u00fcr Psychiatrie, Psychotherapie und Neurologie<\/p>\n<\/div>\n<\/div>\n<div id=\"cc-m-7571039476\" class=\"j-module n j-text \">\n<div id=\"cc-m-7571039476\" class=\"j-module n j-text \">\n<h5><\/h5>\n<h5><a href=\"http:\/\/www.paarberatung-wolf.de\/index.php\/kontakt\/\"><strong><span style=\"color: #006489;\">Praxis f\u00fcr Beziehungsarbeit<\/span><\/strong><\/a><\/h5>\n<p>Heerstra\u00dfe 30<br \/>\n53111 Bonn<br \/>\nTel:\u00a00170 &#8211; 9024872<br \/>\neMail: <a href=\"mailto:wolf@paarberatung-wolf.de\">wolf@paarberatung-wolf.de<\/a><\/p>\n<h5>Rufen Sie mich an oder schreiben Sie mir eine Nachricht.<br \/>\nSie k\u00f6nnen mich auch gern \u00fcber WhatsApp kontaktieren.<\/h5>\n<\/div>\n<aside class=\"jtpl-section-aside\">\n<div class=\"j-module n j-text \" style=\"padding-left: 30px;\"><span style=\"color: #ffffff;\">.<\/span><\/div>\n<div><span style=\"color: #ffffff;\">.<\/span><\/div>\n<\/aside>\n<div><span style=\"color: #ffffff;\">.<\/span><\/div>\n<div><\/div>\n<aside class=\"jtpl-section-aside\">\n<div class=\"jtpl-sidebar sidebar-options\">\n<div data-container=\"sidebar\">\n<div id=\"cc-matrix-1873703476\">\n<div id=\"cc-m-7582309076\" class=\"j-module n j-hr \">\n<hr \/>\n<\/div>\n<div id=\"cc-m-7576383176\" class=\"j-module n j-spacing \"><\/div>\n<h1 class=\"j-module n j-spacing \"><\/h1>\n<h1 class=\"j-module n j-spacing \">Paartherapie \/ Partnerberatung \/ Paarberatung \/ Eheberatung und Beziehungscoaching in Bonn<\/h1>\n<div class=\"j-module n j-spacing \">Fast alle Menschen w\u00fcnschen sich eine gl\u00fcckliche und harmonische Partnerschaft, trotzdem kommt es in vielen Beziehungen immer wieder zu Streitereien und Konflikten. Mitunter w\u00e4chst die Verzweiflung soweit an, dass die Partner bereits an Trennung denken. In solch einer Krise suchen Paare Hilfe bei einem Paarberater oder Eheberater. Im Folgenden m\u00f6chte ich Ihnen einen Einblick in die Paartherapie \/ Partnerberatung und das Beziehungscoaching geben und Ihnen schildern, wie ich in meiner Praxis f\u00fcr Paartherapie und Paarberatung in Bonn arbeite.<\/div>\n<\/div>\n<\/div>\n<\/div>\n<div class=\"j-module n j-spacing \"><\/div>\n<div class=\"jtpl-sidebar sidebar-options\">\n<div data-container=\"sidebar\">\n<div id=\"cc-matrix-1873703476\">\n<h2 class=\"j-module n j-spacing \"><\/h2>\n<h2 class=\"j-module n j-spacing \">Wie funktioniert eine Paartherapie \/ Eheberatung?<\/h2>\n<div class=\"j-module n j-spacing \">In einer systemischen Paartherapie, Paarberatung oder Eheberatung in Bonn und Umgebung nehmen Sie f\u00fcr eine bestimmte Dauer eine dritte unabh\u00e4ngige Person in Ihre Beziehung auf. Dadurch ver\u00e4ndert sich automatisch Ihre Kommunikation miteinander, so dass Sie in der Paarberatung neue Erfahrungen machen k\u00f6nnen. Diese neuen Erfahrungen f\u00fchren dann zu Ver\u00e4nderungsprozessen in Ihrer Partnerschaft. Zus\u00e4tzlich erhalten Sie kleine Aufgaben, die Ihnen helfen, das in der Paartherapie gelernte neue Wissen in Ihrem Beziehungsalltag anzuwenden und zu verfestigen. Eine Paartherapie \/ Partnerberatung in meiner Praxis in Bonn dauert in der Regel etwa zehn Stunden, verteilt \u00fcber mehrere Monate bis zu h\u00f6chstens einem Jahr. Mit den neuen Erfahrungen entwickelt sich nach und nach Ihre Partnerschaft weiter. Ihr Beziehungsleben ver\u00e4ndert sich und ein Neuanfang wird m\u00f6glich.<\/div>\n<\/div>\n<\/div>\n<\/div>\n<div class=\"j-module n j-spacing \"><\/div>\n<\/aside>\n<div id=\"cc-m-7571039476\" class=\"j-module n j-text \">\n<aside class=\"jtpl-section-aside\">\n<div class=\"jtpl-sidebar sidebar-options\">\n<div data-container=\"sidebar\">\n<div id=\"cc-matrix-1873703476\">\n<h2 class=\"j-module n j-spacing \"><\/h2>\n<h2 class=\"j-module n j-spacing \">Beziehungscoaching und Partnerberatung als Hilfe bei Beziehungsproblemen<\/h2>\n<div class=\"j-module n j-spacing \">\n<p>Liebesbeziehungen stellen die Partner immer wieder vor emotionale Herausforderungen: Manchmal braucht man ganz viel N\u00e4he, ein andermal ben\u00f6tigt man mehr Distanz; und nicht immer passen die eigenen Bed\u00fcrfnisse gerade zu denen des Partners. In den meisten Beziehungen kommt es nach einer Phase der intensiven Zweisamkeit irgendwann zu verschieden starken Beziehungsproblemen. Wenn es zu Entfremdung und Sprachlosigkeit gekommen ist, wenn Aff\u00e4ren das Vertrauen belastet haben oder wenn \u00dcberforderung in Aggression umgeschlagen ist, dann kann ein Beziehungscoaching bzw. eine Partnerberatung oder Eheberatung in Bonn helfen, wieder miteinander ins Gespr\u00e4ch zu kommen.<\/p>\n<p>Auch die Gr\u00fcndung und F\u00fchrung einer Familie ist eine anspruchsvolle Aufgabe. Gerade zu Beginn der Familienphase, wenn die Kinder noch klein sind und den jungen Eltern die Arbeit \u00fcber den Kopf w\u00e4chst, verlieren sich die Partner oft aus den Augen. Hier kann ein Beziehungscoaching oder eine Paarberatung \/ Partnerberatung sehr hilfreich sein, damit das Liebespaar seinen Platz im Familienleben wiederfindet.<\/p>\n<p>Gerade in langj\u00e4hrigen Beziehungen k\u00f6nnen tiefe Verletzungen entstehen. Eine Beziehungskrise ist eine Herausforderung, die es anzunehmen gilt, denn sie bietet auch wichtige Entwicklungschancen. Ein Beziehungscoaching oder eine Eheberatung verhilft Ihnen zu einer anderen Sichtweise und zeigt Ihnen M\u00f6glichkeiten auf, Krisen gemeinsam konstruktiv zu meistern. In meiner Praxis f\u00fcr Paarberatung in der Heerstra\u00dfe in Bonn helfe ich Ihnen dabei, einen Weg aus der Krise zu finden und sich auf einen Neuanfang in Ihrer Partnerschaft zu freuen.<\/p>\n<\/div>\n<h2><\/h2>\n<h2>Trennung und Trauer<\/h2>\n<div class=\"j-module n j-spacing \">Weil Beziehungen eine tiefe emotionale Bedeutung f\u00fcr uns haben, bringt der Verlust eines geliebten Menschen gro\u00dfe Schmerzen mit sich. Ganz gleich wie es zu der Trennung gekommen ist: Pl\u00f6tzlich ist nichts mehr wie es vorher war und wir haben das Gef\u00fchl, den Boden unter unseren F\u00fc\u00dfen zu verlieren. Trennungsabsichten l\u00f6sen deshalb h\u00e4ufig heftige Reaktionen aus. Weil wir uns bedroht f\u00fchlen und unser K\u00f6rper in den Flucht-oder-Kampfmodus schaltet, kann es auch zu Aggressionen kommen. Ich begleite Sie auch beim Trennungsprozess. Ich helfe Ihnen mit Trauergef\u00fchlen fertig zu werden und wieder neuen Lebensmut zu fassen.<\/div>\n<div class=\"j-module n j-spacing \"><\/div>\n<div class=\"j-module n j-spacing \"><\/div>\n<h2 class=\"j-module n j-spacing \"><\/h2>\n<h2 class=\"j-module n j-spacing \">Neuanfang<\/h2>\n<div class=\"j-module n j-spacing \">Eine Eheberatung oder Paartherapie gibt Ihnen einen Raum, in dem Sie das Alte hinter sich lassen und nochmal ganz neu anfangen k\u00f6nnen. Eine Paarberatung \/ Partnerberatung ist dann erfolgreich, wenn sie nachhaltig ist und Sie anschlie\u00dfend wieder in der Lage sind, Ihre Alltagsprobleme selber zu l\u00f6sen. Durch ein Beziehungscoaching oder eine Eheberatung lernen Sie neue Seiten an sich und ihrem Partner kennen und erwerben Kompetenzen, die Ihnen in Ihrer Beziehung aber auch in Alltag und Beruf n\u00fctzlich sind.<\/div>\n<div class=\"j-module n j-spacing \"><\/div>\n<\/div>\n<\/div>\n<\/div>\n<\/aside>\n<\/div>\n<\/div>\n<\/div>\n","protected":false},"excerpt":{"rendered":"<p>Sch\u00f6n, dass Sie da sind! Sie sehnen sich nach einer gl\u00fccklichen Beziehung, aber in Ihrer Partnerschaft scheint gerade alles dr\u00fcber und drunter zu gehen? \u00a0Sie w\u00fcnschen sich Frieden, befinden sich jedoch scheinbar gerade im Kriegszustand? Sie f\u00fchlen sich hoffnungslos, ohnm\u00e4chtig, sprachlos oder Sie sind w\u00fctend und \u00a0aufgew\u00fchlt? Dann sind Sie hier richtig! Auch wenn es <a class=\"read-more\" href=\"http:\/\/www.paarberatung-wolf.de\/\">READ MORE<\/a><\/p>\n","protected":false},"author":1,"featured_media":0,"parent":0,"menu_order":0,"comment_status":"closed","ping_status":"closed","template":"","meta":[],"_links":{"self":[{"href":"http:\/\/www.paarberatung-wolf.de\/index.php\/wp-json\/wp\/v2\/pages\/2"}],"collection":[{"href":"http:\/\/www.paarberatung-wolf.de\/index.php\/wp-json\/wp\/v2\/pages"}],"about":[{"href":"http:\/\/www.paarberatung-wolf.de\/index.php\/wp-json\/wp\/v2\/types\/page"}],"author":[{"embeddable":true,"href":"http:\/\/www.paarberatung-wolf.de\/index.php\/wp-json\/wp\/v2\/users\/1"}],"replies":[{"embeddable":true,"href":"http:\/\/www.paarberatung-wolf.de\/index.php\/wp-json\/wp\/v2\/comments?post=2"}],"version-history":[{"count":106,"href":"http:\/\/www.paarberatung-wolf.de\/index.php\/wp-json\/wp\/v2\/pages\/2\/revisions"}],"predecessor-version":[{"id":563,"href":"http:\/\/www.paarberatung-wolf.de\/index.php\/wp-json\/wp\/v2\/pages\/2\/revisions\/563"}],"wp:attachment":[{"href":"http:\/\/www.paarberatung-wolf.de\/index.php\/wp-json\/wp\/v2\/media?parent=2"}],"curies":[{"name":"wp","href":"https:\/\/api.w.org\/{rel}","templated":true}]}}