{"id":30,"date":"2016-10-10T17:02:36","date_gmt":"2016-10-10T15:02:36","guid":{"rendered":"http:\/\/paarberatung-wolf.de\/wordpress-4\/?page_id=30"},"modified":"2022-05-17T15:29:36","modified_gmt":"2022-05-17T13:29:36","slug":"publikationen","status":"publish","type":"page","link":"http:\/\/www.paarberatung-wolf.de\/index.php\/publikationen\/","title":{"rendered":"Publikationen"},"content":{"rendered":"<p><!--more--><\/p>\n<h5><span style=\"color: #006489;\"><strong>Podcasts<\/strong><\/span><\/h5>\n<p>&#8222;Wir wollen es anders machen als unsere V\u00e4ter, aber wir wollen auch keine zweite Mutter sein.&#8220; Diesen Satz hat Philip Bandholtz seinem Podcast &#8222;Club der V\u00e4ter&#8220; vorangestellt. Wir haben uns fast zwei Stunden unterhalten \u00fcber die Herausforderungen der Elternschaft f\u00fcr das Paar, \u00fcber den Umgang mit sexuellen Durstrecken und \u00fcber die M\u00f6glichkeiten Intimit\u00e4t und Sexualit\u00e4t in einer langen Partnerschaft lebendig zu halten. Auch die anderen Folgen im &#8222;Club der V\u00e4ter&#8220; kann ich empfehlen und sie sind nicht nur f\u00fcr M\u00e4nner interessant:<\/p>\n<p><iframe loading=\"lazy\" style=\"border-radius: 12px\" width=\"100%\" height=\"152\" title=\"Spotify Embed: #4 Dr. Ada Wolf - Sexualit\u00e4t und Beziehung\" frameborder=\"0\" allowfullscreen allow=\"autoplay; clipboard-write; encrypted-media; fullscreen; picture-in-picture\" src=\"https:\/\/open.spotify.com\/embed\/episode\/0HosyqgsFxBrNg62vEPVBx?utm_source=oembed\"><\/iframe><\/p>\n<p>&nbsp;<\/p>\n<p>Ber\u00fchmt, ehrlich und nat\u00fcrlich, das sind drei Worte, die eigentlich nicht zusammen passen. Dass das doch geht zeigt Jochen Schropp in seinem Podcast mit Felicia Mutterer. Hier zum Thema Scham, Danke lieber Herr Schropp f\u00fcr das tolle Gespr\u00e4ch!<\/p>\n<p><iframe loading=\"lazy\" style=\"border-radius: 12px\" width=\"100%\" height=\"152\" title=\"Spotify Embed: 10.0. Scham\" frameborder=\"0\" allowfullscreen allow=\"autoplay; clipboard-write; encrypted-media; fullscreen; picture-in-picture\" src=\"https:\/\/open.spotify.com\/embed\/episode\/2q4O5VS3Nz1FNz3p5K7dzd?utm_source=oembed\"><\/iframe><\/p>\n<p>Nur weil immer mal wieder jemand \u00fcber eine rote Ampel geht, muss man ja nicht gleich alle Ampelanlagen abbauen &#8230;. Meine Meinung zu einem aktuellen Thema. Viel Spa\u00df beim Lesen! <a href=\"https:\/\/www.dw.com\/de\/monogamie-ist-nur-eine-erfindung\/a-44417630\"><strong>\u219d\u00a0Ist Monogamie noch zeitgem\u00e4\u00df?<\/strong><\/a><\/p>\n<p>\u00dcber offene Beziehungen geht es auch in diesem Podcast mit Jochen Schropp und Felicia Mutterer:<\/p>\n<p><iframe loading=\"lazy\" style=\"border-radius: 12px\" width=\"100%\" height=\"152\" title=\"Spotify Embed: 1.0. Offene Beziehung\" frameborder=\"0\" allowfullscreen allow=\"autoplay; clipboard-write; encrypted-media; fullscreen; picture-in-picture\" src=\"https:\/\/open.spotify.com\/embed\/episode\/4nnFOrxHF3eSl7AhWv93dz?utm_source=oembed\"><\/iframe><\/p>\n<h5><\/h5>\n<h5><span style=\"color: #006489;\"><strong>Vortr\u00e4ge und Veranstaltungen<\/strong><\/span><\/h5>\n<p>Seminar &#8222;Sexuelle Gewalt &#8211; ein Thema f\u00fcr die Erwachsenenbildung?!&#8220; &#8211; <a href=\"https:\/\/www.uni-giessen.de\/fbz\/fb03\/institute\/ifezw\/prof\/wb\/team\/lehrbeauftragte\/wolf\">Lehrauftrag an der Universit\u00e4t Gie\u00dfen<\/a>, Professur\u00a0Weiterbildung,\u00a0Sommersemester 2020<\/p>\n<p>Seminar &#8222;Familienbildung&#8220; &#8211; <a href=\"https:\/\/www.uni-giessen.de\/fbz\/fb03\/institute\/ifezw\/prof\/wb\/team\/lehrbeauftragte\/wolf\">Lehrauftrag an der Universit\u00e4t Gie\u00dfen<\/a>, Professur\u00a0Weiterbildung,\u00a0WS 2016\/17<\/p>\n<p>\u201eWir m\u00fcssen reden \u2026.\u201c &#8211; zur p\u00e4dagogischen Sprachf\u00e4higkeit bei sexuellen Themen. Impulsvortrag und Workshop beim Fachtag\u00a0f\u00fcr Erzieherinnen:\u00a0Herausforderung\u00a0Vielfalt -Toleranz f\u00f6rdern &#8211;\u00a0Kompetenz st\u00e4rken. Essen. November 2016<br \/>\n<a href=\"http:\/\/www.paarberatung-wolf.de\/wp-content\/uploads\/2016\/12\/Sexuelle-Sprachf\u00e4higkeit.pdf\">\u219d\u00a0Download als PDF<\/a><\/p>\n<h5><\/h5>\n<h5><span style=\"color: #006489;\"><strong>Monografien<\/strong><\/span><\/h5>\n<div class=\"wrc-column-grid wrc-column-grid-3\">\n<div  class=\"wrc-column wrc-column-width-1 wrc-column-start\" >\n<p><img loading=\"lazy\" class=\"alignnone wp-image-515 \" src=\"http:\/\/www.paarberatung-wolf.de\/wp-content\/uploads\/2022\/05\/Buch_3-300x300.jpg\" alt=\"\" width=\"153\" height=\"153\" srcset=\"http:\/\/www.paarberatung-wolf.de\/wp-content\/uploads\/2022\/05\/Buch_3-300x300.jpg 300w, http:\/\/www.paarberatung-wolf.de\/wp-content\/uploads\/2022\/05\/Buch_3-150x150.jpg 150w, http:\/\/www.paarberatung-wolf.de\/wp-content\/uploads\/2022\/05\/Buch_3.jpg 600w\" sizes=\"(max-width: 153px) 100vw, 153px\" \/><\/p>\n<\/div>\n<p>&nbsp;<\/p>\n<p>Zur Konstruktion des Erwachsenen.<br \/>\nGrundlagen einer erwachsenenp\u00e4dagogischen Lerntheorie.<br \/>\nSpringer Verlag Wiesbaden 2021<br \/>\n<a href=\"http:\/\/www.paarberatung-wolf.de\/wp-content\/uploads\/2016\/10\/Vorwort.pdf\">\u219d\u00a0Vorwort\u00a0lesen<br \/>\n<\/a><a href=\"http:\/\/www.paarberatung-wolf.de\/wp-content\/uploads\/2016\/10\/Inhalt.pdf\">\u219d\u00a0Inhalt anschauen<\/a><\/p>\n<div  class=\"wrc-column wrc-column-width-2 wrc-column-end\" ><\/div>\n<\/div>\n<p><!-- .wrc-column-grid --><\/p>\n<h5><\/h5>\n<h5><span style=\"color: #006489;\"><strong>Zeitschriftenaufs\u00e4tze<\/strong><\/span><\/h5>\n<ul>\n<li>Sich fragen wagen! Sexuelle Bildung via mediale Beratung<br \/>\nIn: Forum Erwachsenenbildung (2016), Heft 3, S.51-53<\/li>\n<\/ul>\n<ul>\n<li>&#8222;Eine einzige Stunde frei sein &#8230;&#8220; : das Trauma als Thema f\u00fcr die Erwachsenenbildung.<br \/>\nIn: Forum Erwachsenenbildung \u00a0(2012) Heft 3, S. 26-28 <a href=\"https:\/\/www.wbv.de\/journals\/zeitschriften\/forum-erwachsenenbildung\/artikel\/shop\/detail\/name\/_\/0\/1\/FEB1203W026\/facet\/FEB1203W026\/\/\/\/\/\/\/nb\/0\/category\/732.html\">\u219dD<\/a><a href=\"https:\/\/www.wbv.de\/journals\/zeitschriften\/forum-erwachsenenbildung\/artikel\/shop\/detail\/name\/_\/0\/1\/FEB1203W026\/facet\/FEB1203W026\/\/\/\/\/\/\/nb\/0\/category\/732.html\">ownload als PDF<\/a><\/li>\n<\/ul>\n<ul>\n<li>Grundlegende Prinzipien der Pr\u00e4vention\u00a0sexuellen Missbrauchs in p\u00e4dagogischen Einrichtungen.\n<div class=\"page\" title=\"Page 1\">\n<div class=\"layoutArea\">\n<div class=\"column\">\n<p>In: Kraus, Anja (2011): K\u00f6rperlichkeit in der Schule. Oberhausen. S. 95-108<\/p>\n<\/div>\n<\/div>\n<\/div>\n<\/li>\n<li>Die Theorie der Differenzierung &#8211; Eine erwachsenenp\u00e4dagogische Positionierung im\u00a0Anschluss an Piaget (2012)<br \/>\nIn: Lernen in der Erwachsenenbildung. Dokumentation der Jahrestagung der Sektion\u00a0Erwachsenenbildung der\u00a0Deutschen Gesellschaft f\u00fcr Erziehungswissenschaft vom 22.- 24.\u00a0September 2011 an der Universit\u00e4t Hamburg.<\/li>\n<\/ul>\n<ul>\n<li>Educating the educators? How parent education works!<br \/>\n<span style=\"font-size: 15px;\">In: European Infonet Adult Education, Erschienen am 21. Okt. 2015<br \/>\n<a href=\"http:\/\/www.infonet-ae.eu\/articles-science-55\/2269-educating-the-educators-how-parent-education-works\">\u219d\u00a0Artikel jetzt lesen<\/a><br \/>\n<\/span><\/li>\n<\/ul>\n<ul>\n<li>Zur Fundierung einer sozialen Lerntheorie.\u00a0Aspekte der Sozialit\u00e4t in der Entwicklungspsychologie\u00a0Alfred Lorenzers\u00a0diskutiert an aktuellen Befunden der Neurobiologie.<br \/>\nIn: Gruppendynamik und Organisationsberatung; 40(2009) Heft 4. S.365-375<\/li>\n<\/ul>\n<ul>\n<li>Von der emanzipatorischen zur reflexiven Sexualp\u00e4dagogik.\u00a0Eine Positionsbestimmung zum Verh\u00e4ltnis von\u00a0Erwachsenenbildung und Sexualit\u00e4t.\n<div class=\"page\" title=\"Page 1\">\n<div class=\"layoutArea\">\n<div class=\"column\">\n<p>In: Forum Erwachsenenbildung (2010) Heft 2, S. 49-53.<\/p>\n<\/div>\n<\/div>\n<\/div>\n<div class=\"page\" title=\"Page 1\">\n<div class=\"layoutArea\">\n<div class=\"column\"><\/div>\n<p>&nbsp;<\/p>\n<\/div>\n<\/div>\n<\/li>\n<\/ul>\n","protected":false},"excerpt":{"rendered":"","protected":false},"author":1,"featured_media":0,"parent":0,"menu_order":0,"comment_status":"closed","ping_status":"closed","template":"","meta":[],"_links":{"self":[{"href":"http:\/\/www.paarberatung-wolf.de\/index.php\/wp-json\/wp\/v2\/pages\/30"}],"collection":[{"href":"http:\/\/www.paarberatung-wolf.de\/index.php\/wp-json\/wp\/v2\/pages"}],"about":[{"href":"http:\/\/www.paarberatung-wolf.de\/index.php\/wp-json\/wp\/v2\/types\/page"}],"author":[{"embeddable":true,"href":"http:\/\/www.paarberatung-wolf.de\/index.php\/wp-json\/wp\/v2\/users\/1"}],"replies":[{"embeddable":true,"href":"http:\/\/www.paarberatung-wolf.de\/index.php\/wp-json\/wp\/v2\/comments?post=30"}],"version-history":[{"count":37,"href":"http:\/\/www.paarberatung-wolf.de\/index.php\/wp-json\/wp\/v2\/pages\/30\/revisions"}],"predecessor-version":[{"id":518,"href":"http:\/\/www.paarberatung-wolf.de\/index.php\/wp-json\/wp\/v2\/pages\/30\/revisions\/518"}],"wp:attachment":[{"href":"http:\/\/www.paarberatung-wolf.de\/index.php\/wp-json\/wp\/v2\/media?parent=30"}],"curies":[{"name":"wp","href":"https:\/\/api.w.org\/{rel}","templated":true}]}}