{"id":8,"date":"2016-10-10T17:00:46","date_gmt":"2016-10-10T15:00:46","guid":{"rendered":"http:\/\/paarberatung-wolf.de\/wordpress-4\/?page_id=8"},"modified":"2022-08-01T02:35:41","modified_gmt":"2022-08-01T00:35:41","slug":"paartherapie","status":"publish","type":"page","link":"http:\/\/www.paarberatung-wolf.de\/index.php\/paartherapie\/","title":{"rendered":"Paartherapie"},"content":{"rendered":"\n<p class=\"has-text-align-right has-vivid-cyan-blue-color has-text-color has-small-font-size\"><strong>&#8222;<span style=\"color: #3f84a4;\">Das ist schwer: ein Leben zu zwein. Nur eins ist noch schwerer: einsam sein!&#8220; <\/span><\/strong><br><strong><span style=\"color: #3f84a4;\">(Kurt Tucholsky)<\/span><\/strong><br><strong><span style=\"color: #3f84a4;\"><br><\/span><\/strong><\/p>\n\n\n\n<h5><strong><span style=\"color: #006489;\">Familien- und Paartherapie &#8211;&nbsp;Einzelberatung und Beziehungscoaching<\/span><\/strong><\/h5>\n\n\n\n<p>Warum Paartherapie? Liebesbeziehungen stellen die Partner immer wieder vor emotionale Herausforderungen: Manchmal braucht man ganz viel N\u00e4he, ein andermal&nbsp;&nbsp;ben\u00f6tigt man mehr&nbsp;Distanz; und nicht immer passen die eigenen Bed\u00fcrfnisse gerade zu denen des Partners. Gerade in langj\u00e4hrigen Beziehungen k\u00f6nnen tiefe Verletzungen entstehen, zum Beispiel&nbsp;durch unterschiedliche Entwicklungen der Partner, wenn es zu&nbsp;Entfremdung und Sprachlosigkeit kommt, wenn&nbsp;Aff\u00e4ren das Vertrauen belastet&nbsp;haben oder wenn&nbsp;\u00dcberforderung in&nbsp;Aggression umgeschlagen ist. Eine Beziehungskrise ist eine Herausforderung, die es anzunehmen gilt, denn sie bietet Entwicklungschancen.<\/p>\n\n\n\n<h5>Perspektivwechsel<\/h5>\n\n\n\n<p>Eine Paartherapie verhilft Ihnen zu einer anderen Sichtweise auf ihre Problemstellung und zeigt Ihnen M\u00f6glichkeiten auf, Krisen gemeinsam konstruktiv zu meistern. Wenn unser Blick auf das Problem gerichtet ist, sehen wir manche L\u00f6sungen nicht, die au\u00dferhalb unseres Blickwinkels liegen. Und wenn unsere Emotionen hochkochen, k\u00f6nnen wir oft nicht mehr klar denken. Emotionen zulassen und sie gleichzeitig regulieren zu k\u00f6nnen ist eine wichtige Kompetenz des Erwachsenen. In der Paartherapie st\u00e4rken Sie diese Kompetenz.<\/p>\n\n\n\n<h5>Familie und Partnerschaft<\/h5>\n\n\n\n<p>Auch die Gr\u00fcndung und F\u00fchrung einer Familie ist eine anspruchsvolle Aufgabe:&nbsp;die Erweiterung der&nbsp;Partnerrolle in die Elternrolle, unterschiedliche Auffassungen von F\u00fcrsorge und Erziehung oder das Durchleben der&nbsp;Pubert\u00e4t und die Abl\u00f6sung von den Kindern stellen Partner immer wieder vor neue Herausforderungen.&nbsp;&nbsp;Gleichzeitig&nbsp;ist es in dieser Lebensphase auch sehr wichtig, \u00fcber das Familienleben hinaus, sich als Paar nicht ganz zu vergessen! Hier kann eine Familien- und Paarberatung sehr unterst\u00fctzend wirken.<\/p>\n","protected":false},"excerpt":{"rendered":"<p>&#8222;Das ist schwer: ein Leben zu zwein. Nur eins ist noch schwerer: einsam sein!&#8220; (Kurt Tucholsky) Familien- und Paartherapie &#8211;&nbsp;Einzelberatung und Beziehungscoaching Warum Paartherapie? Liebesbeziehungen stellen die Partner immer wieder vor emotionale Herausforderungen: Manchmal braucht man ganz viel N\u00e4he, ein andermal&nbsp;&nbsp;ben\u00f6tigt man mehr&nbsp;Distanz; und nicht immer passen die eigenen Bed\u00fcrfnisse gerade zu denen des Partners. <a class=\"read-more\" href=\"http:\/\/www.paarberatung-wolf.de\/index.php\/paartherapie\/\">READ MORE<\/a><\/p>\n","protected":false},"author":1,"featured_media":0,"parent":0,"menu_order":0,"comment_status":"closed","ping_status":"closed","template":"","meta":[],"_links":{"self":[{"href":"http:\/\/www.paarberatung-wolf.de\/index.php\/wp-json\/wp\/v2\/pages\/8"}],"collection":[{"href":"http:\/\/www.paarberatung-wolf.de\/index.php\/wp-json\/wp\/v2\/pages"}],"about":[{"href":"http:\/\/www.paarberatung-wolf.de\/index.php\/wp-json\/wp\/v2\/types\/page"}],"author":[{"embeddable":true,"href":"http:\/\/www.paarberatung-wolf.de\/index.php\/wp-json\/wp\/v2\/users\/1"}],"replies":[{"embeddable":true,"href":"http:\/\/www.paarberatung-wolf.de\/index.php\/wp-json\/wp\/v2\/comments?post=8"}],"version-history":[{"count":24,"href":"http:\/\/www.paarberatung-wolf.de\/index.php\/wp-json\/wp\/v2\/pages\/8\/revisions"}],"predecessor-version":[{"id":548,"href":"http:\/\/www.paarberatung-wolf.de\/index.php\/wp-json\/wp\/v2\/pages\/8\/revisions\/548"}],"wp:attachment":[{"href":"http:\/\/www.paarberatung-wolf.de\/index.php\/wp-json\/wp\/v2\/media?parent=8"}],"curies":[{"name":"wp","href":"https:\/\/api.w.org\/{rel}","templated":true}]}}